-3*r + 122. What is the remainder when h is divided by (-18)/12*-10*1?
14
Let b(s) = 10*s**2 - 729*s + 1441. Calculate the remainder when (-2 - (-1 + 0))*-76 is divided by b(2).
7
Let c(f) = -108*f**2 + 30350*f - 542. Suppose -2*g = -g - 5. What is the remainder when 35/g*(12 + -1) is divided by c(281)?
17
Let b = -103 - -215. Suppose -136*a - 1672 + 2967 = -6865. Calculate the remainder when b is divided by a.
52
Suppose -57*s - 31008 = 13*s - 213428. Calculate the remainder when s is divided by 29.
25
Let o = -5170 - -8496. Calculate the remainder when o is divided by 16.
14
Let t = 3082 - 3004. Calculate the remainder when 229 is divided by t.
73
Let d(h) = -h**3 + 115*h**2 - 320*h - 556. Calculate the remainder when d(112) is divided by 308.
4
Let x(o) = 4*o**2 + 38*o - 5. Let j be 1*(8/2 + -4). Suppose j = -5*w + 16 - 66. What is the remainder when 73 is divided by x(w)?
13
What is the remainder when 415 is divided by (285/(-380))/((-3)/240)?
55
Let t = -16 + 46. Suppose -2*x = -2*v - t, -x - x + 33 = -v. Let r(z) = z**2 + 14*z + 114. Calculate the remainder when r(-8) is divided by x.
12
Let c(z) = -2*z - 15. Let m = 1 + -13. Let i be c(m). Suppose -i*a + 135 = -63. What is the remainder when 38 is divided by a?
16
Suppose 10*c - 473 - 937 = 0. Calculate the remainder when 701 is divided by c.
137
What is the remainder when 808 is divided by (-1064)/57*(-21)/18 + 24/108?
16
Let r = -367 - -562. Suppose 3*q - r = 3*l, -333 = 5*l - q - 0*q. Let u = l + 93. What is the remainder when 72 is divided by u?
20
Let b(v) = v**3 - 34*v**2 + 2*v - 66. Let m be b(34). Calculate the remainder when ((511/14)/(m/(-8)))/(-1) is divided by 50.
46
Let y be 26/(2 + (1 - 2)). Suppose -4*h - y + 306 = 0. Calculate the remainder when h is divided by ((-1 + 19)/1)/1.
16
Suppose 129*s - 126*s = -j + 2144, 4*s + 4*j = 2872. Calculate the remainder when s is divided by 51.
50
Suppose d + 5*z = -5, -3*z + 21 - 24 = d. Suppose d = 6*o - 0*o - 2694. What is the remainder when o is divided by 6?
5
Suppose 226*y + 1411 = 3989 + 11660. Calculate the remainder when 2392 is divided by y.
61
Let t(j) = -97 + 107 + j**2 - 4*j - j**3 - 8*j**2. Let a be t(-7). Let p = -18 + a. What is the remainder when 99 is divided by p?
19
Let y(o) = 3*o - 33. Calculate the remainder when (-1 + (-46)/5)*-5 is divided by y(17).
15
Let g be (-15)/1*35/(-15). Let p(a) = -a**3 + 38*a**2 - 104*a - 22. Calculate the remainder when 60 is divided by p(g).
8
Suppose 4*x + z = -9, -4*x + z + 3 = 2. What is the remainder when (1311/(-19))/(0 + x) is divided by 15?
9
Suppose 279*y = -5937 + 55066 - 1978. Calculate the remainder when 802 is divided by y.
126
Let b(f) = 5*f**2 - 2*f + 100. Calculate the remainder when 1194 is divided by b(0).
94
Let x(z) = -17*z - 167. Calculate the remainder when x(-46) is divided by 205.
0
Let j = -25377 + 25579. Calculate the remainder when 759 is divided by j.
153
Let o(y) = -54*y - 253. Let m = -10 + 23. Calculate the remainder when o(-8) is divided by m.
10
Suppose 136 = 16*w - 8*w. Suppose 0 = -2*p + 10 + 72. Calculate the remainder when p is divided by w.
7
Let g = -294 + 786. What is the remainder when g is divided by 99?
96
Let j be -5 - 0 - (0 + -8). Suppose 7*l - 2*l - j*g - 234 = 0, 4*l - 200 = -4*g. Calculate the remainder when 479 is divided by l.
47
What is the remainder when (69/(-207))/(2/(-9198)) is divided by 128?
125
Suppose -4*k - 65 = 119 - 248. What is the remainder when 21 is divided by k?
5
Let i = -23777 - -28344. Calculate the remainder when i is divided by 44.
35
Suppose -2*b + 273 = 2*u - 655, -3*b = -4*u + 1821. What is the remainder when u is divided by 29?
24
Suppose 3*s = 81 + 33. Let y = s - 36. Calculate the remainder when (5 - y)/(-6)*-96 is divided by 26.
22
Calculate the remainder when (26 + -21)/((-5)/(-320)) is divided by 314.
6
Let q = 474 + -458. Suppose 0 = -3*u + 24 + 36. What is the remainder when u is divided by ((-24)/(-20))/(q/160)?
8
What is the remainder when 324 - ((-237)/30 - (-5)/(-50)) is divided by 35?
17
Let a be (20/70)/((-2)/(-434)). Let t = a - 59. Suppose 5*c = -5*k + 80, 2*c - t*k = k + 50. Calculate the remainder when 51 is divided by c.
13
Let a(o) = 9*o**3 - 2*o**2 - o + 2. Let d be a(1). Suppose -d*y = -14*y - 54. Let k = y - -23. Calculate the remainder when 26 is divided by k.
12
Suppose 10*g + 371 = 13*g + w, -7*g - 2*w + 866 = 0. Suppose 2*x - 63 = -x. Calculate the remainder when g is divided by x.
19
Suppose -4*f - w = -708, 364 = 2*f - 5*w - 34. Calculate the remainder when 11096 is divided by f.
177
Suppose -18 = 3*w, 4*a + 23*w - 19*w - 18328 = 0. What is the remainder when a is divided by 27?
25
Let p(n) = -n + 34. Let j be p(-17). Let k = j + -54. What is the remainder when k/1 - (4 + 0 + -30) is divided by 13?
10
Suppose -r = 2*z + 2*r - 353, 0 = 4*z - r - 727. Calculate the remainder when 578 is divided by z.
35
Suppose 21*n - 6370 = 31*n - 24*n. What is the remainder when n is divided by 34?
13
Let y = -6 + 45. Calculate the remainder when y is divided by (105/(-10))/(1/2 - 1).
18
Suppose -483 = 9*i - 16*i. Let j = 55 - i. What is the remainder when j/(-77) + (-282)/(-22) is divided by 8?
5
Let j = 57 - 18. Suppose 3*d - 30 = -2*d - 4*b, 7 = -4*d + 3*b. Suppose 2*x + d = 42. What is the remainder when j is divided by x?
19
Suppose -5*o = 5*i - 670, 2*i = -2*o + 6*o + 268. Suppose -5*f + i = 2*v - 5*v, -f = -2*v - 24. Calculate the remainder when 77 is divided by f.
21
Suppose -12543 + 57858 = 57*x. Calculate the remainder when x is divided by 265.
0
Suppose 0 = -6*q + 1175 - 923. Suppose 8*n - 5*n = 1167. Suppose -5*x - 302 + 76 = -3*j, 4*x - n = -5*j. Calculate the remainder when j is divided by q.
35
Suppose -3*q + 2*l = -1107, 5*q - 33*l + 29*l = 1845. Calculate the remainder when 2228 is divided by q.
14
Let h(m) = m - 37. Let n(f) = -2*f + 73. Let w(d) = -5*h(d) - 2*n(d). Suppose q - 17 = 6. Calculate the remainder when 31 is divided by w(q).
15
Let g(y) = 11*y + 5. Let m be g(0). Suppose h + m*z - 108 = 0, 5*h - z = 273 + 371. Calculate the remainder when h is divided by 33.
29
Suppose 2815*l + 328488 = 2839*l. What is the remainder when l is divided by 232?
231
Suppose -x + 12 = -3*x, -5*x + 1370 = 4*n. Calculate the remainder when 15049 is divided by n.
349
Let l = -574 - -842. Suppose 4*d + 30 = -5*j, 3*j + 30 = -4*d + 12. Calculate the remainder when l is divided by -2 + -4 - -17*(-18)/j.
43
Suppose 236 = 10*f + 26. What is the remainder when 4 + 3651/18 + (-1)/(-6) is divided by f?
18
Suppose 16 = -4*n, 2*j + 456 = n + 1298. Calculate the remainder when j is divided by 115.
74
Let f(a) = 4*a**2 - 262*a - 649. Calculate the remainder when 5514 is divided by f(68).
27
Let v(t) = -12*t - 270. Let a(z) = -z + 27. Calculate the remainder when v(-24) is divided by a(16).
7
Let j = -2769 - -2826. Calculate the remainder when 447 is divided by j.
48
What is the remainder when 60865/45 + 16/36 is divided by 44?
33
Suppose 0 = -2*y + 3*s + 20, 2*y - 7*y = 5*s - 100. Calculate the remainder when 651 is divided by y.
11
Let v = -11224 - -12392. Calculate the remainder when v is divided by 45.
43
Let v(q) = 1 - 4683*q**2 + 26*q + 4672*q**2 + q**3 + 0. Calculate the remainder when 96 is divided by v(8).
11
Let s = 133 + -73. Let d = s - -12. What is the remainder when d is divided by 19?
15
Suppose 0 = -5*s + 7*s + 68. Let i = s + 54. Suppose 4*a = -a + i. Calculate the remainder when 11 is divided by a.
3
Let r = 151 + -141. Suppose 1 = -g - 2*g - 2*b, -r = 5*b. Suppose 0 = f - 0*f - 3. Calculate the remainder when f is divided by g.
0
Let w(h) = -5*h - 11. Let z be w(5). Let x = z + 59. Let r = -40 - -152. What is the remainder when r is divided by x?
20
Let g(x) = -10*x**3 + 3*x**2 + 3*x + 81. What is the remainder when 89 is divided by g(0)?
8
Suppose 53*a - 15740 - 5513 = 0. What is the remainder when a is divided by 125?
26
Suppose 1863*r - 1868*r = -310. What is the remainder when (-40)/(-30)*(-366)/(-4) is divided by r?
60
Let o(a) = 1127*a + 2. Let h be o(1). Suppose -6*m + h + 905 = 0. Suppose -2*y - 3*y + m = -i, y = 2*i + 66. Calculate the remainder when y is divided by 23.
22
Suppose -4*u - 88 = 3*k - 22, 2*k = 5*u - 44. Let z be (-3)/(-15) - k/(-10). What is the remainder wh